071 is divided by 57.
45
Calculate the remainder when 324029 is divided by 4730.
2389
What is the remainder when 12876626 is divided by 390?
386
What is the remainder when 5971 is divided by 188?
143
Calculate the remainder when 7743 is divided by 1571.
1459
Calculate the remainder when 145533 is divided by 72378.
777
What is the remainder when 10141697 is divided by 482936?
41
Calculate the remainder when 1007101 is divided by 5820.
241
Calculate the remainder when 6924375 is divided by 4402.
29
Calculate the remainder when 11488941 is divided by 1714.
1713
What is the remainder when 3071489 is divided by 284?
29
What is the remainder when 23822 is divided by 1415?
1182
What is the remainder when 66632 is divided by 892?
624
What is the remainder when 124826 is divided by 307?
184
What is the remainder when 79588 is divided by 1774?
1532
Calculate the remainder when 159116 is divided by 65.
61
What is the remainder when 19659 is divided by 2498?
2173
Calculate the remainder when 20945241 is divided by 924.
9
Calculate the remainder when 1645598 is divided by 95.
8
Calculate the remainder when 60814 is divided by 60755.
59
What is the remainder when 11709823 is divided by 503?
486
What is the remainder when 104610 is divided by 1182?
594
What is the remainder when 5435660 is divided by 744?
740
What is the remainder when 2281919 is divided by 76062?
59
What is the remainder when 943319 is divided by 1321?
125
What is the remainder when 4036005 is divided by 266?
253
What is the remainder when 247350496 is divided by 3910?
3896
Calculate the remainder when 46388 is divided by 118.
14
What is the remainder when 304175054 is divided by 1074?
1070
What is the remainder when 57234 is divided by 3881?
2900
What is the remainder when 34677 is divided by 34618?
59
What is the remainder when 58434 is divided by 1286?
564
Calculate the remainder when 15342091 is divided by 588.
583
What is the remainder when 150713 is divided by 21?
17
Calculate the remainder when 41026385 is divided by 365.
20
What is the remainder when 3090056 is divided by 7305?
41
What is the remainder when 14658655 is divided by 1628734?
49
Calculate the remainder when 421442 is divided by 140374.
320
Calculate the remainder when 676565 is divided by 335023.
6519
Calculate the remainder when 10135321 is divided by 1361.
1315
What is the remainder when 293888 is divided by 674?
24
Calculate the remainder when 181033 is divided by 35411.
3978
Calculate the remainder when 43700468 is divided by 17.
13
Calculate the remainder when 182814 is divided by 330.
324
What is the remainder when 2875341 is divided by 46?
19
Calculate the remainder when 18531701 is divided by 6.
5
Calculate the remainder when 290897488 is divided by 17.
16
What is the remainder when 527672 is divided by 37?
15
What is the remainder when 46208 is divided by 5713?
504
What is the remainder when 47571 is divided by 393?
18
What is the remainder when 4013395 is divided by 81906?
1
What is the remainder when 4157166 is divided by 461907?
3
Calculate the remainder when 389748 is divided by 448.
436
What is the remainder when 5154476 is divided by 2577209?
58
What is the remainder when 88891592 is divided by 29630527?
11
What is the remainder when 27865406 is divided by 844406?
8
Calculate the remainder when 68043 is divided by 2613.
105
What is the remainder when 727749075 is divided by 74?
71
What is the remainder when 254059 is divided by 206?
61
Calculate the remainder when 12724 is divided by 2735.
1784
What is the remainder when 36715 is divided by 8942?
947
Calculate the remainder when 24422417 is divided by 510.
47
What is the remainder when 293638 is divided by 9513?
8248
What is the remainder when 601292 is divided by 133?
132
Calculate the remainder when 2669 is divided by 2498.
171
Calculate the remainder when 1084759 is divided by 199.
10
What is the remainder when 1623605 is divided by 492?
5
Calculate the remainder when 94854 is divided by 8479.
1585
Calculate the remainder when 645368 is divided by 2691.
2219
Calculate the remainder when 2186714 is divided by 3075.
389
Calculate the remainder when 308375 is divided by 1335.
1325
Calculate the remainder when 169171 is divided by 32402.
7161
What is the remainder when 586761 is divided by 9965?
8791
Calculate the remainder when 247485 is divided by 61815.
225
What is the remainder when 737825 is divided by 245927?
44
What is the remainder when 387950 is divided by 2722?
1426
Calculate the remainder when 7255497 is divided by 426793.
16
Calculate the remainder when 3749659 is divided by 489.
7
What is the remainder when 14837052 is divided by 13?
9
What is the remainder when 1230077 is divided by 39675?
152
What is the remainder when 92436 is divided by 30589?
669
Calculate the remainder when 320214 is divided by 45711.
237
Calculate the remainder when 52242371 is divided by 13468.
13467
What is the remainder when 2313352 is divided by 336?
328
What is the remainder when 63159 is divided by 133?
117
Calculate the remainder when 96883374 is divided by 361.
360
Calculate the remainder when 343709 is divided by 170.
139
Calculate the remainder when 1064812 is divided by 429.
34
Calculate the remainder when 668217 is divided by 941.
107
What is the remainder when 1301511 is divided by 650748?
15
What is the remainder when 26357172 is divided by 299513?
28
Calculate the remainder when 538481 is divided by 5983.
11
What is the remainder when 424682 is divided by 336?
314
What is the remainder when 562913734 is divided by 3619?
3617
What is the remainder when 280847 is divided by 8?
7
What is the remainder when 726697 is divided by 134?
15
What is the remainder when 389284 is divided by 788?
12
What is the remainder when 96625 is divided by 13777?
186
Calculate the remainder when 631567 is divided by 2609.
189
Calculate the remainder when 4354962 is divided by 114.
48
Calculate the remainder when 27795 is divided by 27111.
684
What is the remainder when 1673638 is divided by 1673622?
16
Calculate the remainder when 167814983 is divided by 83907491.
1
What is the remainder when 1932114 is divided by 3?
0
What is the remainder when 12460 is divided by 3987?
499
What is the remainder when 444596 is divided by 111147?
8
Calculate the remainder when 205089 is divided by 200.
89
What is the remainder when 46472 is divided by 5660?
1192
What is the remainder when 59910 is divided by 7044?
3558
What is the remainder when 262962 is divided by 43618?
1254
Calculate the remainder when 143678 is divided by 571.
357
Calculate the remainder when 107758 is divided by 3991.
1
What is the remainder when 14344 is divided by 438?
328
What is the remainder when 985573 is divided by 338?
303
Calculate the remainder when 63311257 is divided by 21103748.
13
What is the remainder when 532233448 is divided by 170?
168
Calculate the remainder when 236179 is divided by 87.
61
Calculate the remainder when 31665769 is divided by 3958217.
33
Calculate the remainder when 23079609 is divided by 161.
98
What is the remainder when 116886188 is divided by 1461077?
28
Calculate the remainder when 23660216 is divided by 1478763.
8
Calculate the remainder when 13983214 is divided by 1506.
4
Calculate the remainder when 42804323 is divided by 14268088.
59
Calculate the remainder when 72053 is divided by 97.
79
What is the remainder when 44571 is divided by 1965?
1341
Calculate the remainder when 37221816 is divided by 17.
10
Calculate the remainder when 7782569 is divided by 30.
29
Calculate the remainder when 165554661 is divided by 2149.
2148
What is the remainder when 116562582 is divided by 1800?
1782
Calculate the remainder when 1038713 is divided by 15501.
146
What is the remainder when 33564143 is divided by 655?
633
Calculate the remainder when 72734 is divided by 1029.
704
What is the remainder when 346738 is divided by 41?
1
Calculate the remainder when 139875 is divided by 1174.
169
What is the remainder when 364274 is divided by 14567?
99
What is the remainder when 130435 is divided by 83?
42
Calculate the remainder when 1239969 is divided by 3563.
45
What is the remainder when 2970697 is divided by 36?
13
Calculate the remainder when 208726 is divided by 43.
4
Calculate the remainder